{"id":10707,"date":"2017-08-03T09:50:55","date_gmt":"2017-08-03T07:50:55","guid":{"rendered":"http:\/\/b6-office.de\/?page_id=10707"},"modified":"2025-06-23T13:50:50","modified_gmt":"2025-06-23T11:50:50","slug":"hilfefaq","status":"publish","type":"page","link":"https:\/\/b6-office.de\/?page_id=10707","title":{"rendered":"Hilfe?\/FAQ"},"content":{"rendered":"<h3>Wie kann ich den Mietpreis erfahren?<\/h3>\n<ul>\n<li>Der Mietpreis setzt sich aus der Gr\u00f6\u00dfe \/ Anzahl der B\u00fcromodule und<br \/>\naus der Laufzeit der Mietzeit zusammen. Also ob Kurzzeitmiete oder Mehrjahresmiete.<\/li>\n<li>Wir haben daf\u00fcr einen <strong><a title=\"Hier der Klick zu den download-pdf-Prospekt.\" href=\"https:\/\/b6-office.de\/?page_id=10862\" target=\"_blank\" rel=\"noopener\">\u00fcbersichtlichen Prospekt zum Download.<\/a><\/strong><\/li>\n<li>Sie k\u00f6nnen auch ganz einfach auf den <strong><a title=\"Hier gehts zur Miete - zu den B\u00fcromodulen von b6-office.de.\" href=\"https:\/\/b6-office.de\/?product_cat=b6-office-miete\" target=\"_blank\" rel=\"noopener\">Miete-Button<\/a><\/strong> klicken und<br \/>\nw\u00e4hlen bitte Ihre Mietzeit ob:<br \/>\n&#8211; <strong>SHORT-Time<\/strong> = Tagesb\u00fcros inkl. aller Nebenkosten oder<br \/>\n&#8211; <strong>FLEX-Offices<\/strong> = TimeSharing B\u00fcros im Raum 2.18 und 29\/5.<br \/>\n&#8211; <strong>Jahresb\u00fcros <\/strong>= Mietzeit ab 12 Monaten mit genauer Nebenkostenabrechnung.<br \/>\nDann navigieren Sie online zur <strong><a title=\"Hier gehts zu den B\u00fcroangeboten.\" href=\"https:\/\/b6-office.de\/?product_cat=monatlich-und-jaehrlich\" target=\"_blank\" rel=\"noopener\"><span style=\"text-decoration: underline;\">B\u00fcro-Produktseite<\/span><\/a><\/strong> und suchen Ihr B\u00fcromodul aus,<br \/>\nwelches f\u00fcr Sie in Frage kommt.<strong><br \/>\n<\/strong>Der Mietpreis ist immer abh\u00e4ngig von der Mietlaufzeit.<strong><br \/>\nAchtung: <\/strong>Sollte Ihre Anfrage konkret werden, dann stimmen Sie dies bitte<br \/>\nmit Ihren b6-office-Berater ab. Tel.: 0511 \/ 92 00 000.<\/li>\n<\/ul>\n<p>____________________________________________________________________________________________<\/p>\n<h3>Wer darf im b6-office.de einziehen?<\/h3>\n<ul>\n<li>Wir vermieten B\u00fcros f\u00fcr die gewerbliche Nutzung.<br \/>\nWir bieten v\u00f6llig autarke B\u00fcrofl\u00e4chen teils mit eigener kleiner Teek\u00fcche, WC \/ Bad, so das jeder Mieter, auch bei der kleinsten B\u00fcro-Modulgr\u00f6\u00dfe, einen hohen Nutzungsstandard erh\u00e4lt.<\/li>\n<li>Eine reine Wohnnutzung, Beherbergungsgewerbe, Vergn\u00fcgungsst\u00e4tten und Anlagen f\u00fcr sportliche, kirchliche, kulturelle, soziale und gesundheitliche Zwecke sind nicht erlaubt.<br \/>\nWas gegen obiges verst\u00f6\u00dft, darf nicht einziehen oder muss eine Sondernutzung<br \/>\nbei der Stadt Garbsen und bei uns beantragen.<\/li>\n<li>Ihren Nutzungszweck sollten Sie uns schriftlich einreichen, damit dies gepr\u00fcft und genehmigt werden kann.<\/li>\n<\/ul>\n<p>____________________________________________________________________________________________<\/p>\n<h3>F\u00fcr eine Gesch\u00e4ftsanschrift bieten wir 2 Varianten an:<\/h3>\n<p><strong>Variante 1 &#8211; die PostBox:<\/strong><br \/>\nSie mieten lediglich einen Briefkasten (Postbox) um Ihre Tagespost zu sammeln.<br \/>\nDiese Postbox ist geeignet f\u00fcr Firmen, Vereine, Stiftungen und Unternehmungen<br \/>\ndie bereits einen Firmensitz\/Firmenregistrierung\/Unternehmensstandort oder Anmeldung der Firma an einer<u class=\"\"> anderen Anschrift<\/u> haben,<br \/>\njedoch eine Postadresse ben\u00f6tigen, um die Tagespost in Empfang zu nehmen.<br \/>\nBitte senden Sie uns diese bestehende Unternehmensanmeldung bei PostBox-Bestellung zu.<br \/>\nNeueintragungen, Registrierungen oder Anmeldungen Ihrer Unternehmung\/Firma\/Verein\/Stiftung etc. <u class=\"\">auf einen Briefkasten sind nicht m\u00f6glich!!<\/u><\/p>\n<p><b class=\"\">Achtung:<\/b><br \/>\nSollten Sie eine Neueintragung, Registrierung, oder An-\/Ummeldung Ihrer Unternehmung<br \/>\nauf Anschrift den <a class=\"\" href=\"http:\/\/b6-office.de\/\">b6-office.de<\/a> in Garbsen w\u00fcnschen, ist dies nur mit Variante 2 m\u00f6glich!<\/p>\n<h3>Variante 2 &#8211; das FLEX-Office:<\/h3>\n<p>Mit dem FLEX-Office Vertrag erhalten Sie je nach Wunsch und Variante einen Mietvertrag zu unserem<br \/>\nTimeSharing Office.<br \/>\nFLEX-Office ist geeignet f\u00fcr Firmen, Vereine, Stiftungen und Unternehmungen<\/p>\n<ul>\n<li>die einen Firmensitz\/Firmenregistrierung\/Unternehmensstandort oder Anmeldung der Firma ben\u00f6tigen.<\/li>\n<\/ul>\n<p>Diese Anschrift (Unternehmenssitz) ist dann die ladungsf\u00e4hige Anschrift und die g\u00fcnstigste Variante<br \/>\neine Neueintragung, Registrierung, oder An-\/Ummeldung Ihrer Unternehmung<br \/>\nauf Anschrift den <a class=\"\" href=\"http:\/\/b6-office.de\/\">b6-office.de<\/a> in Garbsen zu erm\u00f6glichen.<\/p>\n<p><b class=\"\">Bei Variante 1) oder 2) erhalten Sie<\/b><\/p>\n<ul>\n<li>gegen Kaution Ihren Briefkastenschl\u00fcssel um 24\/7 Zugang zu Ihrem Briefkasten zu haben,<\/li>\n<\/ul>\n<p>und zus\u00e4tzlich bei Variante 2) auch nach Wunsch<\/p>\n<ul>\n<li>den Zugangs-Chip zum unserem B\u00fcrogeb\u00e4ude<\/li>\n<li>Sie haben somit Ihr B\u00fcro im repr\u00e4sentativen Geb\u00e4ude von <a class=\"\" href=\"http:\/\/www.b6-office.de\/\">www.b6-office.de<\/a><\/li>\n<li>und rund um die Uhr Zugang zu Ihrem Teilzeit-FLEX-Office-B\u00fcro<\/li>\n<li>und haben 24\/7 Zugang zum online gebuchten Besprechungsraum<\/li>\n<li>Sie nutzen unsere WC-R\u00e4umlichkeiten in Raum 2.18<\/li>\n<\/ul>\n<p><b class=\"\">Mietlaufzeit\/Zahlung:<\/b><\/p>\n<p>Je nach Laufl\u00e4nge der Mietzeit des FLEX-Office B\u00fcros oder der PostBox, 12 Monate oder 24 Monate,<br \/>\nDas hat f\u00fcr Sie den Vorteil, das Sie einen unschlagbaren g\u00fcnstigen Preis erhalten! und<br \/>\nnur 1 x j\u00e4hrlich oder alle 2 Jahre an die Bezahlung denken m\u00fcssen.<br \/>\nDer Vertrag verl\u00e4ngert sich jeweils automatisch um die Erstmietzeitzeit, erneut zahlbar im Voraus,<br \/>\nwenn er nicht 3 Monate vor Ablauf schriftlich gek\u00fcndigt wird.<br \/>\nBei Nichtzahlung der Verl\u00e4ngerung erfolgt automatisch eine Mitteilung an das Gewerbeamt,<br \/>\nFinanzamt und Registrierungsbeh\u00f6rde\/Amtsgericht das Ihr Unternehmensstandort nicht l\u00e4nger<br \/>\nim <a class=\"\" href=\"http:\/\/www.b6-office.de\/\">www.b6-office.de<\/a> ist und entsprechend abgemeldet wird. \u00a0Daher bitten wir schon jetzt um<br \/>\np\u00fcnktliche Vorauszahlung, damit Ihre Unternehmung mit meldepflichtiger Anschrift bei uns erhalten bleibt.<br \/>\n\u00dcber Details informiert Sie gerne unsere Frau Priebe, siehe Termine\/Rufnummer unten,<br \/>\nzu den bekannten B\u00fcrozeiten.<\/p>\n<p>____________________________________________________________________________________________<\/p>\n<h3>Individuelle Post-Handling Anspr\u00fcche?<\/h3>\n<ul>\n<li>T\u00e4glich, w\u00f6chentlich oder nur monatlich In Ihren Briefkasten schauen und zu Ihnen senden?<\/li>\n<li>Der Basisbetrag, nachschauen, Briekasten \u00f6ffnen und sammeln (nur Di., Mi. und Do.) betr\u00e4gt mtl. 29,00\u20ac, zahlbar j\u00e4hrlich, einmalig im Voraus.<\/li>\n<li>Zu Ihnen senden je Aktion 5,00\u20ac zzgl. Porto und Extra-Umschlag, wie immer zzgl. MwSt..<\/li>\n<li>Sie bestimmen wie oft Sie das w\u00fcnschen.<\/li>\n<li>Ihr Vorteil: Sie brauchen sich um nix k\u00fcmmern, nicht extra zu Ihren Briefkasten fahren, alles l\u00e4uft automatisch!<\/li>\n<\/ul>\n<p>____________________________________________________________________________________________<\/p>\n<h3><span style=\"line-height: 1.5;\">Bekomme ich meinen eigenen Parkplatz?<br \/>\n<\/span><\/h3>\n<ul>\n<li>Es sind ausreichend Parkpl\u00e4tze auf dem b6-office-Grundst\u00fcck vorhanden.<br \/>\nEine feste Zuteilung von Parkpl\u00e4tzen erfolgt nicht.<\/li>\n<\/ul>\n<p>____________________________________________________________________________________________<\/p>\n<h3>Darf jeder Mieter die Dachterrasse nutzen?<\/h3>\n<ul>\n<li>Es sind 2 Dachterrassen vorhanden.<br \/>\nDie Westterrasse ist dem Penthausb\u00fcro zugeordnet.<br \/>\nDie Ostterrasse ist als Fluchtweg vorhanden und deren Nutzung oder Zutritt soll nur mit Genehmigung der Rezeption oder im Gefahrenfall erfolgen.<br \/>\nIm Erdgeschoss gibt es einen Raucherbereich zur Nordseite hin.<\/li>\n<\/ul>\n<p>____________________________________________________________________________________________<\/p>\n<h3>Ist das B\u00fcrogeb\u00e4ude jederzeit ge\u00f6ffnet?<\/h3>\n<ul>\n<li>Ja, das Geb\u00e4ude steht jedem Mieter\/Nutzer 24\/7 zur Verf\u00fcgung.<br \/>\nJeder Nutzer erh\u00e4lt f\u00fcr die Haupteingangst\u00fcre einen Chip zum \u00f6ffnen.<br \/>\nDie Haupt\u00fcr schliesst automatisch. Zu ist zu.<\/li>\n<li>Die Rezeption wird nur an den angegebenen Zeiten besetzt sein,<br \/>\ndar\u00fcber hinaus stehen Ihnen diverse Dienstleistungsangebote der Rezeption,<br \/>\nje nach Buchung, zus\u00e4tzlich zur Verf\u00fcgung.<\/li>\n<li>Das Geb\u00e4ude ist 24\/7 zur internen Sicherheit kamera\u00fcberwacht.<\/li>\n<\/ul>\n<p>____________________________________________________________________________________________<\/p>\n<h3>Was und wie kann ich die b6-office.de Dienstleistung wo buchen?<\/h3>\n<ul>\n<li>Ihr b6-office.de begleitet Sie durch Ihren B\u00fcroalltag.<br \/>\nSo bieten wir Ihnen zahlreiche Zusatzoptionen an, die Sie nicht zwingend abonnieren m\u00fcssen, die aber durchaus n\u00fctzlich sind und Sie beim t\u00e4glichen B\u00fcrodienst entlasten.<br \/>\nPr\u00fcfen Sie f\u00fcr sich, welche Leistungen notwendig sind, oder ob Sie etwas vermissen.<br \/>\nb6-office.de bietet viel und ist dennoch stets f\u00fcr neue Anregungen dankbar.<\/li>\n<li>Die Dienstleistungen oder Zusatzoptionen k\u00f6nnen Sie online auf dieser webseite unter <strong><a title=\"Hier gehts zu den Service-Leistungen.\" href=\"https:\/\/b6-office.de\/?product_cat=service\" target=\"_blank\" rel=\"noopener\">b6-office Service<\/a><\/strong> einsehen und online buchen.<br \/>\nDie Zahlung der Dienstleistung ist sofort bei Buchung f\u00e4llig.<\/li>\n<\/ul>\n<p>____________________________________________________________________________________________<\/p>\n<h3>Welche Nebenkosten sind bei den jeweiligen Mietzeiten im Mietpreis enthalten?<\/h3>\n<ul>\n<li>b6-office.de bietet sehr g\u00fcnstige Short-Timevertr\u00e4ge an.<br \/>\nDas Interessante bei Short-Timevertr\u00e4gen ist, das alle Nebenkosten f\u00fcr Strom, Wasser, Abwasser und Heizung im Mietpreis in den \u00fcblichen Verbrauchsmengen enthalten sind. Das bedeutet, Sie k\u00f6nnen schon ab einen Tag buchen und Ihr B\u00fcro steht Ihnen<br \/>\nvon 8 &#8211; 18 Uhr des Folgetages zur Verf\u00fcgung.<br \/>\nGleiches gilt f\u00fcr Mehrtagesvertr\u00e4ge, Wochenvertr\u00e4ge und auch Monatsvertr\u00e4ge.<br \/>\nNebenkosten inclusive.<\/li>\n<li>F\u00fcr Sparf\u00fcchse und Langzeitmieter bieten wir sehr attraktive 1 bis 10 Jahresvertr\u00e4ge Mietlaufzeit an, die je nach Mietdauer, je l\u00e4nger der Mietvertrag &#8211;\u00a0 pro Monat immer g\u00fcnstiger werden!<br \/>\nBei den Jahresvertr\u00e4gen werden die Nebenkosten immer sep. abgerechnet.<br \/>\nSo profitieren Sie von den hervorragenden Energiewerten des Geb\u00e4udes<br \/>\nEinfach in unserer Online-Preisliste nachschauen.<\/li>\n<li>das b6-office.de ist auf neuesten Energiestandard nach ENEV 55 gebaut.<br \/>\nAlle Beleuchtungseinheiten sind mit LED ausgestattet.<br \/>\nDie Energie f\u00fcr Strom und Heizung erzeugt u.a. das eigene BHKW, so das Ihr Office eine hervorragende Energiebilanz hat.<br \/>\nSie profitieren sofort von den niedrigen Energiekosten des Hauses, deren Verbrauch Sie selber durch umweltbewusstes mitdenken und handeln nochmals senken k\u00f6nnen.<br \/>\nSie erhalten j\u00e4hrlich f\u00fcr Ihren Energieverbrauch eine ablesegenaue Abrechnung.<br \/>\nDie Grund-Nebenkosten setzen sich aus verschiedenen Faktoren (Versicherung, Reinigungs- Unterhalts- und Wartungskosten, etc.) zusammen und werden jedes Jahr neu bewertet und nach deren Bedarf und Einsparungen neu angepasst.<\/li>\n<li>Ihr B\u00fcro hat einen eigenen Strom- und Wasser- und Heizkostenz\u00e4hler.<br \/>\nSo macht Sparen richtig Spass, denn so profitieren Sie davon!<br \/>\nDie Netto-Nebenkosten liegen mtl. pro B\u00fcromodul ab 90,00 \u20ac, ja nach Mietzeit.<\/li>\n<li>Die Energiekosten iegen je nach Verbrauch bei ca. 50,00\u20ac\/mtl.<\/li>\n<\/ul>\n<p>____________________________________________________________________________________________<\/p>\n<h3>Was gibt es f\u00fcr Mietzeitenregelungen?<\/h3>\n<ul>\n<li>Wir passen uns Ihren Mietzeiten an. Sie haben die Wahl zwischen den oben erw\u00e4hnten Short-Time Vertr\u00e4gen, wo alles drin ist, oder den \u00e4usserst attraktiven Jahresvertr\u00e4gen. Bei allen Vertragsmodellen haben Sie die M\u00f6glichkeit Ihre Raumplanung und Nutzung Ihren tats\u00e4chlichen Bed\u00fcrfnissen je nach Verf\u00fcgbarkeit flexibel anzupassen.<\/li>\n<li>Jederzeit haben Sie M\u00f6glichkeit durch einfache Verl\u00e4ngerungsmiete Ihrer Erstmietzeit mit einer l\u00e4ngerten Vertragslaufzeit anzupassen.<\/li>\n<\/ul>\n<p>____________________________________________________________________________________________<\/p>\n<h3>Gibt es Kurzzeitmieten f\u00fcr Firmenneugr\u00fcnder?<\/h3>\n<ul>\n<li>Ja, die gibt es. Nutzen Sie die g\u00fcnstigen Wochen-, Monats- oder Jahresvertr\u00e4ge, so wie es Ihre Gesch\u00e4ftsplanung zul\u00e4sst.\u00a0 Verl\u00e4ngern geht immer.<\/li>\n<\/ul>\n<p>____________________________________________________________________________________________<\/p>\n<h3>Wie kann ich den Besprechungsraum nutzen?<\/h3>\n<ul>\n<li>Sie k\u00f6nnen den kleinen oder gro\u00dfen Besprechungsraum jederzeit dazu buchen, soweit diese online im Kalender zur Vef\u00fcgung stehen.<\/li>\n<li>Eingerichtet sind diese mit Besprechungstisch und St\u00fchlen.<\/li>\n<li>Sollten Sie einen hohen Besprechungsraumbedarf haben, nutzen Sie unser g\u00fcnstiges Besprechungsraum-Abo. <strong><a title=\"Hier gehts zum Buchen der Besprechungsr\u00e4ume.\" href=\"https:\/\/b6-office.de\/?page_id=15073\" target=\"_blank\" rel=\"noopener\">Hier nachschauen.<\/a><\/strong><\/li>\n<li>Sie k\u00f6nnen Online oder an der Rezeption Ihren Raum buchen, wir sorgen f\u00fcr die notwendige Ausstattung und Bestuhlung.<br \/>\nOptional stehen viele technische Accessoires wie Beamer, Overhead-Projektor,<br \/>\nFlipChart u.v.m. zur Verf\u00fcgung.<\/li>\n<\/ul>\n<p>___________________________________________________________________________________________<\/p>\n<h3>Kann ich auch <span style=\"text-decoration: underline;\">nur<\/span> den Besprechungsraum mieten?<\/h3>\n<ul>\n<li>Ja, Sie k\u00f6nnen auch, wenn Sie Ihr B\u00fcro nicht im b6-office.de haben, f\u00fcr gesch\u00e4ftliche Meetings unsere Besprechungsr\u00e4ume mit der g\u00fcnstigen Short-Time-Miete nutzen.<br \/>\nWir richten Ihren Besprechungsraum ein, und Sie konzentrieren sich auf Ihren Termin.<br \/>\nFragen Sie die b6-office Rezeption &#8211; wir haben bestimmt einen freien Raum f\u00fcr Sie!<\/li>\n<li><strong><a title=\"Hier gehts zu der Anmietung zu Ihrem Besprechungsraum.\" href=\"https:\/\/b6-office.de\/?product=besprechungsraum\" target=\"_blank\" rel=\"noopener\">Hier gehts zu den Besprechungsr\u00e4umen.<\/a><\/strong><\/li>\n<\/ul>\n<p>____________________________________________________________________________________________<\/p>\n<h3>Wie funktioniert das mit der Briefkastenmiete?<\/h3>\n<ul>\n<li>Wir nennen es liebevoll &#8222;unser kleinstes B\u00fcro&#8220;. Unsere Post Box &#8211; der Mietbriefkasten. Fast quadratisch, praktisch gut und vollkommend ausreichend, wenn es nur um die B\u00fcroanschrift geht, so das Ihre Privatsph\u00e4re gewahrt bleibt.<br \/>\nNutzen Sie alle Annehmlichkeiten wie Paketannahme, Besprechungsraumnutzung,<br \/>\nIhre Mailbox die Sie optional dazu buchen k\u00f6nnen.<br \/>\nSie haben die Wahl zwischen einen Aussenbriefkasten und einen In-House-Briefkasten.<br \/>\nZus\u00e4tzlich k\u00f6nnen f\u00fcr Sie auch Pakete abgegeben und hinterlegt werden.<br \/>\nDaf\u00fcr bieten wir optional einen Annahme- und Einlagerungsservice an.<br \/>\n\u00dcber 200 Briefk\u00e4sten stehen zur Verf\u00fcgung. So einfach kann ein B\u00fcro sein.<\/li>\n<\/ul>\n<p>____________________________________________________________________________________________<\/p>\n<h3>Wie funktioniert das mit der Email-B\u00fcroadresse?<\/h3>\n<ul>\n<li>Ideal f\u00fcr Firmengr\u00fcndungen und bestens f\u00fcr Unternehmensstrukturaufbau mit Ihrer<br \/>\nWunsch-Email-Adresse:\u00a0 &#8222;ihr-name@b6-office.de&#8220;.<br \/>\nWir richten Ihnen die Mailadresse auf unserem Mailserver ein, und leiten Ihnen die Mails auf Ihre bestehende private oder noName-Adresse weiter, so das Ihre Privatsph\u00e4re gewahrt bleibt.<\/li>\n<li>F\u00fcr evtl. Besprechungsterminen und Empfang mit Kunden oder Lieferanten mieten Sie sich einfach einen Besprechungsraum dazu, schon k\u00f6nnen Sie als Gesch\u00e4ftsadresse sofort loslegen, und sich auf Ihre Arbeit konzentrieren.<br \/>\nWir k\u00fcmmern uns um Ihr Backoffice!<\/li>\n<\/ul>\n<p>____________________________________________________________________________________________<\/p>\n<h3>Welche Werbem\u00f6glichkeiten habe ich noch am b6-office-Geb\u00e4ude?<\/h3>\n<ul>\n<li>Jeder Mieter kann seine Firma und sein Logo auf der Werbefl\u00e4che H20 x B22cm rechts neben dem Haupteingang pr\u00e4sentieren.<br \/>\nInfos finden Sie hier:\u00a0 <strong><a title=\"Hier gehts zur kleinen Werbefl\u00e4che.\" href=\"https:\/\/b6-office.de\/?product=werbeflaeche-rechts-klein\" target=\"_blank\" rel=\"noopener\">Werbefl\u00e4che rechts, neben Haupteingang.<\/a><\/strong><\/li>\n<li>Zus\u00e4tzlich bieten wir 3 Werbefl\u00e4chen H210 x B210cm links neben der Haupteingang an.<br \/>\nNutzen Sie daf\u00fcr unsere Beschriftungs- und Montagedienstleistung!<br \/>\nInnerhalb unserer Unternehmensgruppe sind wir auch Hersteller und Produzent<br \/>\nf\u00fcr technische Werbung<a href=\"https:\/\/www.idee-produktion.de\" target=\"_blank\" rel=\"noopener\"> <strong>siehe www.idee-produktion.de .<\/strong><\/a><a title=\"Hier gehts zum Bereich Werbetechnik - innerhalb der Unternehmensgruppe.\" href=\"https:\/\/www.idee-produktion.de\" target=\"_blank\" rel=\"noopener\"><br \/>\n<\/a>Als Mieter erhalten Sie f\u00fcr diese Art der Aussenwerbung von uns Sonderkonditionen.<br \/>\nInfos finden Sie hier:\u00a0<a href=\"https:\/\/b6-office.de\/?product=werbeflaeche-links-gross\" target=\"_blank\" rel=\"noopener\"> <strong>Werbefl\u00e4che links, neben Haupteingang.<\/strong><\/a><\/li>\n<li>Mit b6-TV haben Sie eine hervorragende Pr\u00e4sentation an der Gro\u00dffassade mit<br \/>\nmodernster LED-Bildtechnologie im Gro\u00dfformat B650 x H450cm.<br \/>\n<strong><a title=\"Hier gehts zur B6-TV Werbefl\u00e4che.\" href=\"https:\/\/b6-office.de\/?product_cat=gross-bild-tv-an-der-b6-info-und-entertainment\" target=\"_blank\" rel=\"noopener\">Hier gehts zur LED-B6-TV Werbefl\u00e4che.<\/a><\/strong><\/li>\n<\/ul>\n<p>____________________________________________________________________________________________<\/p>\n<h3>Ist Rauchen im Geb\u00e4ude erw\u00fcnscht?<\/h3>\n<ul>\n<li>Das b6-office.de wird als Nichtraucher-B\u00fcrogeb\u00e4ude betrieben.<br \/>\nDaher w\u00e4re unsere Bitte an Raucher, dies zu respektieren und den Nikotinkonsum<br \/>\nim Aussenbereich zu geniesen.<\/li>\n<\/ul>\n","protected":false},"excerpt":{"rendered":"<p>Wie kann ich den Mietpreis erfahren? Der Mietpreis setzt sich aus der Gr\u00f6\u00dfe \/ Anzahl der B\u00fcromodule und aus der [&hellip;]<\/p>\n","protected":false},"author":1,"featured_media":0,"parent":0,"menu_order":0,"comment_status":"closed","ping_status":"closed","template":"page-fullwidth.php","meta":{"footnotes":"","_links_to":"","_links_to_target":""},"class_list":["post-10707","page","type-page","status-publish","hentry","no-featured-image"],"_links":{"self":[{"href":"https:\/\/b6-office.de\/index.php?rest_route=\/wp\/v2\/pages\/10707","targetHints":{"allow":["GET"]}}],"collection":[{"href":"https:\/\/b6-office.de\/index.php?rest_route=\/wp\/v2\/pages"}],"about":[{"href":"https:\/\/b6-office.de\/index.php?rest_route=\/wp\/v2\/types\/page"}],"author":[{"embeddable":true,"href":"https:\/\/b6-office.de\/index.php?rest_route=\/wp\/v2\/users\/1"}],"replies":[{"embeddable":true,"href":"https:\/\/b6-office.de\/index.php?rest_route=%2Fwp%2Fv2%2Fcomments&post=10707"}],"version-history":[{"count":72,"href":"https:\/\/b6-office.de\/index.php?rest_route=\/wp\/v2\/pages\/10707\/revisions"}],"predecessor-version":[{"id":18016,"href":"https:\/\/b6-office.de\/index.php?rest_route=\/wp\/v2\/pages\/10707\/revisions\/18016"}],"wp:attachment":[{"href":"https:\/\/b6-office.de\/index.php?rest_route=%2Fwp%2Fv2%2Fmedia&parent=10707"}],"curies":[{"name":"wp","href":"https:\/\/api.w.org\/{rel}","templated":true}]}}