{"id":11732,"date":"2018-04-05T07:11:25","date_gmt":"2018-04-05T05:11:25","guid":{"rendered":"http:\/\/b6-office.de\/?page_id=11732"},"modified":"2023-05-23T10:34:43","modified_gmt":"2023-05-23T08:34:43","slug":"besprechungsraum-mieten","status":"publish","type":"page","link":"https:\/\/b6-office.de\/?page_id=11732","title":{"rendered":"Tagesb\u00fcro oder Besprechungsraum 3.9L reservieren, so gehts&#8230;"},"content":{"rendered":"<p style=\"text-align: center;\"><span style=\"color: #ff0000;\"><strong>Aufgrund einer Langzeitbuchung ist die Reservierung<br \/>\ndes Raumes zur Zeit leider nicht m\u00f6glich!<\/strong><\/span><\/p>\n<p><a href=\"https:\/\/b6-office.de\/wp-content\/uploads\/2021\/04\/Buero-3.9-2.og-mitte.jpg\"><img loading=\"lazy\" decoding=\"async\" class=\"alignnone size-large wp-image-15114\" src=\"https:\/\/b6-office.de\/wp-content\/uploads\/2021\/04\/Buero-3.9-2.og-mitte.jpg\" alt=\"b6-office-Besprechungsraum\" width=\"745\" height=\"279\" \/><\/a><\/p>\n<p style=\"text-align: center;\"><iframe loading=\"lazy\" src=\"https:\/\/momento360.com\/e\/u\/311c71f16edb42c2b5ffa25b7758f72a?utm_campaign=embed&amp;utm_source=other&amp;heading=0&amp;pitch=0&amp;field-of-view=75&amp;size=medium\" width=\"640\" height=\"480\"><\/iframe><\/p>\n<p><strong>Tagesb\u00fcro 3.9L oder Besprechungsraum f\u00fcr bis zu 5 Personen.<\/strong><br \/>\n1. W\u00e4hlen Sie Ihren Buchungstag aus.<br \/>\n2. W\u00e4hlen Sie Ihren Wunschzeitraum aus. Immer volle Stunde.<br \/>\n3) Sie k\u00f6nnen auch mehrere Tage\/Stunden im voraus buchen.<br \/>\n4) Der Zeitwarenkorb wird Ihnen sofort unter der Zeit-Tabelle angezeigt.<br \/>\n5) Geben Sie Ihren Firmennamen oder, falls Dauermieter Ihren Office-Raum-Nr. an.<br \/>\n6) Geben Sie Ihren Vor-\/Nachnamen etc. an. Damit wir wissen wer gebucht hat.<br \/>\n7) Bitte auch Ihre Telefonnummer f\u00fcr evtl. R\u00fcckfragen.<br \/>\n8) Ihre Email-Adresse, damit wir Ihnen die Best\u00e4tigung senden k\u00f6nnen.<br \/>\n9) Den Sicherheits-Code eingeben und dann<br \/>\n10) auf \u201eReservieren\u201d klicken, alles andere l\u00e4uft automatisch.<\/p>\n<p><strong>Der Besprechungsraum 3.9L f\u00fcr 1 &#8211; 5 Personen ist f\u00fcr Sie fertig eingerichtet.<\/strong><br \/>\nDer Buchungspreis betr\u00e4gt<br \/>\n\u2013 je Stunde 18,00 \u20ac (Dauermieter + Flex-Office-Nutzer 11,20 \u20ac)<br \/>\n\u2013 je Tag 99,00 \u20ac (Dauermieter + Flex-Office-Nutzer 55,30 \u20ac)<br \/>\n\u2013 je Woche 379,00 \u20ac (Dauermieter + Flex-Office-Nutzer 245,00 \u20ac)<br \/>\n\u2013 je Monat 960,00 \u20ac (Dauermieter + Flex-Office-Nutzer 699,00 \u20ac)<br \/>\nDarin enthalten ist die WC-Nutzung im Erdgeschoss, die Raumbeheizung, Raumlicht,<br \/>\ndie Nebenkosten sowie die Nutzung der Inneneinrichtung.<\/p>\n<p><strong>So einfach buchen Sie:<\/strong><br \/>\nSie tragen sich im obigen Online-Kalender ein, erhalten eine<br \/>\nMail-Best\u00e4tigung und eine Rechnung als pdf, die Sie bitte vor Nutzung anweisen.<\/p>\n<p>Eine Buchung ist nur online \u00fcber obigen Terminkalender m\u00f6glich.<br \/>\nZur direkten Online Zahlung <a href=\"http:\/\/ab M\u00e4rz 2023 erreichbar\">bitte hier klicken<\/a> .<\/p>\n<p>Sie verlassen die R\u00e4ume so sauber und aufger\u00e4umt wie Sie diese vorfinden.<br \/>\nDas bedeutet St\u00fchle ran schieben, ggf. L\u00fcften und Fenster wieder zumachen,<br \/>\nTisch abwischen wenn schmutzig, den Raum wieder so herrichten,<br \/>\nwie Sie ihn vorfinden wollen. Der n\u00e4chste wird sich freuen.<br \/>\nEine Spr\u00fcher\/Glasreiniger mit ZewaRolle finden Sie im Sideboard.<br \/>\nNachtr\u00e4gliche Putz- und Aufr\u00e4umarbeiten werden gesondert berechnet.<\/p>\n<p><strong>Die Preise f\u00fcr weitere m\u00f6gliche Leistungen finden Sie unter diesem link:<\/strong><\/p>\n<p><a href=\"https:\/\/b6-office.de\/wp-content\/uploads\/2018\/03\/Preisliste-Kleinmaterial-quer.pdf\">https:\/\/b6-office.de\/wp-content\/uploads\/2018\/03\/Preisliste-Kleinmaterial-quer.pdf<\/a><\/p>\n<p>Ihre Ideen und Anregungen nehmen wir gerne mit auf.<br \/>\nBitte uns einfach ansprechen oder anmailen,<br \/>\ndamit wir die Dinge f\u00fcr Sie verbessern k\u00f6nnen.<\/p>\n<p>Die von Ihnen angegeben Daten werden nicht gespeichert und nur f\u00fcr Ihre<br \/>\nBuchungsaufnahme erfasst, und danach sofort wieder gel\u00f6scht.<br \/>\nDie Abrechnung f\u00fcr unsere internen Dauermieter erfolgt auf gesonderten Wunsch<br \/>\nzum Monatsende. Die Abrechnung f\u00fcr externe Nutzer erfolgt bei Buchungsreservierung<br \/>\ndurch sep. Rechnung. Zahlbar vor Raumnutzung.<\/p>\n<p>Preise immer zzgl. Mwst.. Ausschliesslich nur f\u00fcr Gewerbetreibende!<\/p>\n","protected":false},"excerpt":{"rendered":"<p>Aufgrund einer Langzeitbuchung ist die Reservierung des Raumes zur Zeit leider nicht m\u00f6glich! Tagesb\u00fcro 3.9L oder Besprechungsraum f\u00fcr bis zu [&hellip;]<\/p>\n","protected":false},"author":1,"featured_media":0,"parent":0,"menu_order":0,"comment_status":"closed","ping_status":"closed","template":"page-fullwidth.php","meta":{"footnotes":"","_links_to":"","_links_to_target":""},"class_list":["post-11732","page","type-page","status-publish","hentry","no-featured-image"],"_links":{"self":[{"href":"https:\/\/b6-office.de\/index.php?rest_route=\/wp\/v2\/pages\/11732","targetHints":{"allow":["GET"]}}],"collection":[{"href":"https:\/\/b6-office.de\/index.php?rest_route=\/wp\/v2\/pages"}],"about":[{"href":"https:\/\/b6-office.de\/index.php?rest_route=\/wp\/v2\/types\/page"}],"author":[{"embeddable":true,"href":"https:\/\/b6-office.de\/index.php?rest_route=\/wp\/v2\/users\/1"}],"replies":[{"embeddable":true,"href":"https:\/\/b6-office.de\/index.php?rest_route=%2Fwp%2Fv2%2Fcomments&post=11732"}],"version-history":[{"count":63,"href":"https:\/\/b6-office.de\/index.php?rest_route=\/wp\/v2\/pages\/11732\/revisions"}],"predecessor-version":[{"id":17711,"href":"https:\/\/b6-office.de\/index.php?rest_route=\/wp\/v2\/pages\/11732\/revisions\/17711"}],"wp:attachment":[{"href":"https:\/\/b6-office.de\/index.php?rest_route=%2Fwp%2Fv2%2Fmedia&parent=11732"}],"curies":[{"name":"wp","href":"https:\/\/api.w.org\/{rel}","templated":true}]}}