{"id":36,"date":"2013-10-30T13:07:05","date_gmt":"2013-10-30T13:07:05","guid":{"rendered":"http:\/\/b6-office.de\/?page_id=36"},"modified":"2017-10-11T15:56:11","modified_gmt":"2017-10-11T13:56:11","slug":"zahlungsarten","status":"publish","type":"page","link":"https:\/\/b6-office.de\/?page_id=36","title":{"rendered":"Zahlungsarten"},"content":{"rendered":"<p><strong>Wir bieten Ihnen verschiedene Zahlungsarten an.<\/strong><br \/>\nSuchen Sie sich einfach die f\u00fcr Sie optimale Zahlart aus.<br \/>\nVersandkosten, Transport und Dienstleistungen sind immer separat anzufragen.<br \/>\n<strong>Die in den jeweiligen Angeboten angef\u00fchrten Preise sind f\u00fcr<\/strong><br \/>\n<strong>den gewerblichen Einkauf bestimmt, stets zzgl. Mwst..<\/strong><\/p>\n<p>Die anfallenden Liefer- und Versandkosten die nicht im Preis enthalten sind, sind per Email bei uns anzufragen oder als ausw\u00e4hlbaren Artikel in den Warenkorb einzuf\u00fcgen und sind von Ihnen zus\u00e4tzlich zu tragen.<br \/>\n<strong><em>Barzahlung bei der Rezeption<br \/>\n<\/em><\/strong>Bei Spontanmieten, Sofortkauf und Dienstleistungen ist eine<br \/>\nSofortzahlung in bar an der Rezeption m\u00f6glich.<\/p>\n<p><em><strong>PayPal \/ auch mit Kreditkarte<\/strong><br \/>\n<\/em>Noch sicherer und schnell bezahlen mit ihrem PayPal-Konto.<\/p>\n<p><em><strong>Vorkasse per \u00dcberweisung<\/strong><br \/>\n<\/em>Mietzahlungen \/ Abschl\u00e4ge und Dienstleistungen<br \/>\n\u00fcberweisen Sie auf unser Konto:<\/p>\n<p>b6-office.de<br \/>\n<strong>Peter Langwost Vermietung &#8211; Verpachtung<\/strong><br \/>\nunter Angabe von dem Verwendungszweck:<br \/>\nz.B.: Ihre Bestellung vom: (Datum\/Artikel)<\/p>\n<p>Hannoversche Volksbank<br \/>\nIBAN: DE61 2519 0001 6125 3898 04<br \/>\nSWIFT: VOHADE2H<\/p>\n","protected":false},"excerpt":{"rendered":"<p>Wir bieten Ihnen verschiedene Zahlungsarten an. Suchen Sie sich einfach die f\u00fcr Sie optimale Zahlart aus. Versandkosten, Transport und Dienstleistungen [&hellip;]<\/p>\n","protected":false},"author":1,"featured_media":0,"parent":0,"menu_order":0,"comment_status":"closed","ping_status":"open","template":"","meta":{"footnotes":"","_links_to":"","_links_to_target":""},"class_list":["post-36","page","type-page","status-publish","hentry","no-featured-image"],"_links":{"self":[{"href":"https:\/\/b6-office.de\/index.php?rest_route=\/wp\/v2\/pages\/36","targetHints":{"allow":["GET"]}}],"collection":[{"href":"https:\/\/b6-office.de\/index.php?rest_route=\/wp\/v2\/pages"}],"about":[{"href":"https:\/\/b6-office.de\/index.php?rest_route=\/wp\/v2\/types\/page"}],"author":[{"embeddable":true,"href":"https:\/\/b6-office.de\/index.php?rest_route=\/wp\/v2\/users\/1"}],"replies":[{"embeddable":true,"href":"https:\/\/b6-office.de\/index.php?rest_route=%2Fwp%2Fv2%2Fcomments&post=36"}],"version-history":[{"count":6,"href":"https:\/\/b6-office.de\/index.php?rest_route=\/wp\/v2\/pages\/36\/revisions"}],"predecessor-version":[{"id":10982,"href":"https:\/\/b6-office.de\/index.php?rest_route=\/wp\/v2\/pages\/36\/revisions\/10982"}],"wp:attachment":[{"href":"https:\/\/b6-office.de\/index.php?rest_route=%2Fwp%2Fv2%2Fmedia&parent=36"}],"curies":[{"name":"wp","href":"https:\/\/api.w.org\/{rel}","templated":true}]}}