{"id":11119,"date":"2018-02-05T10:13:10","date_gmt":"2018-02-05T09:13:10","guid":{"rendered":"http:\/\/b6-office.de\/?post_type=product&#038;p=11119"},"modified":"2023-05-26T09:51:14","modified_gmt":"2023-05-26T07:51:14","slug":"menue-service","status":"publish","type":"product","link":"https:\/\/b6-office.de\/?product=menue-service","title":{"rendered":"Men\u00fc-Service &#8211; \u00d6ffnen Sie das Drop-Down-Men\u00fc um Restaurants in der N\u00e4he zu zeigen."},"content":{"rendered":"<p><strong>Es gibt unz\u00e4hlige M\u00f6glichkeiten satt zu werden.<\/strong><br \/>\n<strong>Doch welche ist die einfachste, g\u00fcnstigste und regelm\u00e4ssigste?<br \/>\n<\/strong><br \/>\nWir haben f\u00fcr Sie ausgew\u00e4hlte Restaurants und Bringdienste f\u00fcr Sie aufgelistet, damit Sie schnell und unkompliziert Ihr Mittagessen genie\u00dfen k\u00f6nnen, ohne Stress!<\/p>\n","protected":false},"excerpt":{"rendered":"<p>Hier finden Sie Telefonnummern<br \/>\nausgew\u00e4hlter Restaurants und Bringdiensten.<br \/>\n<span style=\"line-height: 1.5;\"><br \/>\nW\u00e4hlen Sie wie folgt:<br \/>\n<\/span><span style=\"line-height: 1.5;\">1) schwarzes Auswahlfeld anklicken<br \/>\n<\/span><span style=\"line-height: 1.5;\">2) Telefonnummern erscheinen<br \/>\n<\/span><span style=\"line-height: 1.5;\">3) Anrufen und Essen\/Tisch bestellen<\/span><\/p>\n<p><strong>Guten Hunger!<\/strong><\/p>\n","protected":false},"featured_media":11110,"comment_status":"closed","ping_status":"closed","template":"","meta":{"_links_to":"","_links_to_target":""},"product_brand":[],"product_cat":[293],"product_tag":[],"class_list":{"0":"post-11119","1":"product","2":"type-product","3":"status-publish","4":"has-post-thumbnail","6":"product_cat-dazu-mieten-1","7":"pa_menue-service-kalimera-mediterrane-spezialitaeten-tisch-bestellen-05131-46-21-0","8":"pa_menue-service-goez-urfa-tuerkisch-doener-kebap-lieferservice-05131-435-99-95","9":"pa_menue-service-enzos-italienisch-deutsch-lieferservice-05131-9-60-93","10":"pa_menue-service-asia-star-bistro-thailaendisch-vietnamesisch-lieferservice-05137-873-41-48","11":"pa_menue-service-kostas-italienisch-griechisch-lieferservice-05131-46-56-44","13":"first","14":"instock","15":"taxable","16":"shipping-taxable","17":"purchasable","18":"product-type-variable","19":"has-featured-image","20":"landscape"},"_links":{"self":[{"href":"https:\/\/b6-office.de\/index.php?rest_route=\/wp\/v2\/product\/11119","targetHints":{"allow":["GET"]}}],"collection":[{"href":"https:\/\/b6-office.de\/index.php?rest_route=\/wp\/v2\/product"}],"about":[{"href":"https:\/\/b6-office.de\/index.php?rest_route=\/wp\/v2\/types\/product"}],"replies":[{"embeddable":true,"href":"https:\/\/b6-office.de\/index.php?rest_route=%2Fwp%2Fv2%2Fcomments&post=11119"}],"wp:featuredmedia":[{"embeddable":true,"href":"https:\/\/b6-office.de\/index.php?rest_route=\/wp\/v2\/media\/11110"}],"wp:attachment":[{"href":"https:\/\/b6-office.de\/index.php?rest_route=%2Fwp%2Fv2%2Fmedia&parent=11119"}],"wp:term":[{"taxonomy":"product_brand","embeddable":true,"href":"https:\/\/b6-office.de\/index.php?rest_route=%2Fwp%2Fv2%2Fproduct_brand&post=11119"},{"taxonomy":"product_cat","embeddable":true,"href":"https:\/\/b6-office.de\/index.php?rest_route=%2Fwp%2Fv2%2Fproduct_cat&post=11119"},{"taxonomy":"product_tag","embeddable":true,"href":"https:\/\/b6-office.de\/index.php?rest_route=%2Fwp%2Fv2%2Fproduct_tag&post=11119"}],"curies":[{"name":"wp","href":"https:\/\/api.w.org\/{rel}","templated":true}]}}