{"id":11121,"date":"2018-02-05T10:14:14","date_gmt":"2018-02-05T09:14:14","guid":{"rendered":"http:\/\/b6-office.de\/?post_type=product&#038;p=11121"},"modified":"2025-06-03T10:10:06","modified_gmt":"2025-06-03T08:10:06","slug":"hausmeister-service","status":"publish","type":"product","link":"https:\/\/b6-office.de\/?product=hausmeister-service","title":{"rendered":"Hausmeister- und Umbauservice"},"content":{"rendered":"<p><strong>Es gibt viele Kleinigkeiten, die kann ein universeller Handwerker besser,<\/strong><br \/>\n<strong>schneller und g\u00fcnstiger, als das man sich selber damit abqu\u00e4len sollte.<\/strong><\/p>\n<p>Mal ne Wand streichen, eine Rollo aufh\u00e4ngen, den TV anschliessen, einen<br \/>\nSchreibtisch zusammenbauen, die St\u00fchle in den Besprechungsraum bringen, alles richtig sauber machen, die Ablage ordnen oder Spezialaufgaben erf\u00fcllen, die man sonst lieber deligieren w\u00fcrde. Kein Problem. Tun Sie es einfach.<\/p>\n<p>b6-office hat universelle flexible Hausmeister die im Servicebereich auch f\u00fcr Sie buchbar zur Verf\u00fcgung stehen.<br \/>\nAbgerechnet wird mindestens eine halbe Stunde.<br \/>\nSollte es dann doch eine Stunde werden, erhalten Sie die zweite Stunde zu einen verg\u00fcnstigten Tarif. Oder Sie buchen Ihre rechte Hand gleich f\u00fcr mehre Stunden, so wie Ihr Zeitplan dies vorzieht. Bitte bedenken Sie, das Personal ben\u00f6tigt manchmal etwas zeitlichen Vorlauf, daher bitte rechtzeitig die Dinge buchen, alsbald Sie diese kommen sehen.<\/p>\n<p>Auch Besorgungsfahrten mit eigenen Fahrzeug sind m\u00f6glich. Sie haben die Wahl.<\/p>\n","protected":false},"excerpt":{"rendered":"<p><strong>Hausmeister-Service \u2013 der gute Engel, der Ihnen<\/strong><br \/>\n<strong>schnell und\u00a0unkompliziert weiter hilft.<\/strong><\/p>\n<p>Sprechen Sie an der Rezeption Ihre Aufgabe genau durch,<br \/>\ndamit wir Ihnen den\u00a0richtigen Mann zur Seite stellen k\u00f6nnen.<\/p>\n<p><strong>W\u00e4hlen Sie wie folgt:<\/strong><br \/>\n<strong>1) schwarzes Auswahlfeld anklicken,<\/strong><br \/>\n<strong>2) Auswahl nach und nach in den Warenkorb packen.<\/strong><br \/>\n<strong>3) ggf. Anzahl ausw\u00e4hlen.<\/strong><br \/>\n<strong>4) Weiter zur Kasse, registrieren und ggf. unter<\/strong><\/p>\n<p><strong>\u201cHinweise zur Bestellung\u201d zus\u00e4tzliche Infos eingeben.<\/strong><br \/>\n<strong>Zahlvorgang starten.<\/strong><\/p>\n","protected":false},"featured_media":11112,"comment_status":"closed","ping_status":"closed","template":"","meta":{"_links_to":"","_links_to_target":""},"product_brand":[],"product_cat":[293],"product_tag":[],"class_list":{"0":"post-11121","1":"product","2":"type-product","3":"status-publish","4":"has-post-thumbnail","6":"product_cat-dazu-mieten-1","7":"pa_hausmeister-service-je-angefangene-14-stunde-1500e","8":"pa_hausmeister-service-je-angefangene-12-stunde-2500e","9":"pa_hausmeister-service-je-stunde-4500e","10":"pa_hausmeister-service-tageseinsatz-z-b-8-stunden-32000e","11":"pa_hausmeister-service-besorgungsfahrten-fahrzeug-pkw-zzgl-lohnkosten-fuer-fahrer-je-km-090e","12":"pa_hausmeister-service-fahrzeugkosten-transporter-lkw-35-to-hoch-lang-zzgl-lohnkosten-fuer-fahrer-je-km-150e","14":"first","15":"instock","16":"taxable","17":"shipping-taxable","18":"purchasable","19":"product-type-variable","20":"has-default-attributes","21":"has-featured-image","22":"landscape"},"_links":{"self":[{"href":"https:\/\/b6-office.de\/index.php?rest_route=\/wp\/v2\/product\/11121","targetHints":{"allow":["GET"]}}],"collection":[{"href":"https:\/\/b6-office.de\/index.php?rest_route=\/wp\/v2\/product"}],"about":[{"href":"https:\/\/b6-office.de\/index.php?rest_route=\/wp\/v2\/types\/product"}],"replies":[{"embeddable":true,"href":"https:\/\/b6-office.de\/index.php?rest_route=%2Fwp%2Fv2%2Fcomments&post=11121"}],"wp:featuredmedia":[{"embeddable":true,"href":"https:\/\/b6-office.de\/index.php?rest_route=\/wp\/v2\/media\/11112"}],"wp:attachment":[{"href":"https:\/\/b6-office.de\/index.php?rest_route=%2Fwp%2Fv2%2Fmedia&parent=11121"}],"wp:term":[{"taxonomy":"product_brand","embeddable":true,"href":"https:\/\/b6-office.de\/index.php?rest_route=%2Fwp%2Fv2%2Fproduct_brand&post=11121"},{"taxonomy":"product_cat","embeddable":true,"href":"https:\/\/b6-office.de\/index.php?rest_route=%2Fwp%2Fv2%2Fproduct_cat&post=11121"},{"taxonomy":"product_tag","embeddable":true,"href":"https:\/\/b6-office.de\/index.php?rest_route=%2Fwp%2Fv2%2Fproduct_tag&post=11121"}],"curies":[{"name":"wp","href":"https:\/\/api.w.org\/{rel}","templated":true}]}}