{"id":11142,"date":"2018-02-05T13:16:55","date_gmt":"2018-02-05T12:16:55","guid":{"rendered":"http:\/\/b6-office.de\/?post_type=product&#038;p=11142"},"modified":"2025-06-04T11:06:25","modified_gmt":"2025-06-04T09:06:25","slug":"besprechungsraum","status":"publish","type":"product","link":"https:\/\/b6-office.de\/?product=besprechungsraum","title":{"rendered":"Besprechungsraum \/ Konferenzraum"},"content":{"rendered":"<h4><strong>Einrichtungsbeispiele f\u00fcr den Besprechungsraum im 1. OG:<\/strong><\/h4>\n<p><a href=\"https:\/\/b6-office.de\/wp-content\/uploads\/2018\/02\/Konferenzraum1OG-Einrichtungsbeispiele.pdf\">Konferenzraum1OG-Einrichtungsbeispiele<\/a>\u00a0&#8211;\u00a0<a href=\"https:\/\/b6-office.de\/wp-content\/uploads\/2018\/02\/Konferenzraum1OG-Einrichtungsbeispiele.pdf\">Hier klicken<\/a><\/p>\n<p><strong>Einrichtungsbeispiele f\u00fcr den Besprechungsraum im 2. OG:<\/strong><\/p>\n<p><a href=\"https:\/\/b6-office.de\/wp-content\/uploads\/2018\/02\/Besprechungsraum2OG-Einrichtungsbeispiele.pdf\">Besprechungsraum2OG-Einrichtungsbeispiele<\/a>\u00a0&#8211; <a href=\"https:\/\/b6-office.de\/wp-content\/uploads\/2018\/02\/Besprechungsraum2OG-Einrichtungsbeispiele.pdf\">Hier klicken<\/a><\/p>\n<p>Ein Besprechungsraum oder auch Konferenzraum<br \/>\nist nur dann ein aktiver Raum,\u00a0wenn er auch aktiv benutzt wird.<br \/>\nNach einer neueren Statistik wurden die tats\u00e4chlichen Nutzungszeiten f\u00fcr Besprechungsr\u00e4ume\/Konferenzr\u00e4ume erfasst,<br \/>\nderen Nutzung durchschnittlich bei lediglich 3%<br \/>\nder sonst verwendeten B\u00fcror\u00e4ume lagen (aufs Jahr gerechnet).<br \/>\nUm nun m\u00f6glichst wirtschaftlich einen Besprechungsraum\/Konzerenzraum<br \/>\nbetreiben zu k\u00f6nnen, ist eine Teilnutzung f\u00fcr alle Mieter<br \/>\ndie g\u00fcnstigste und unkomplizierteste L\u00f6sung!<\/p>\n<p><strong>b6-office.de bietet Ihnen:<br \/>\n1 x Konferenzraum:<span style=\"font-size: 16px;\">\u00a0<\/span><\/strong>12 bis 24 Personen\u00a0im 1. OG mit\u00a046,5qm<\/p>\n<p><a href=\"https:\/\/b6-office.de\/wp-content\/uploads\/2018\/02\/grosser-besprechungsraum-buero-mieten-kaufen-garbsen-hannover-1.jpg\"><img loading=\"lazy\" decoding=\"async\" class=\"alignnone size-full wp-image-11245\" src=\"https:\/\/b6-office.de\/wp-content\/uploads\/2018\/02\/grosser-besprechungsraum-buero-mieten-kaufen-garbsen-hannover-1.jpg\" alt=\"grosser-besprechungsraum-buero-mieten-kaufen-garbsen-hannover-1\" width=\"1000\" height=\"426\" srcset=\"https:\/\/b6-office.de\/wp-content\/uploads\/2018\/02\/grosser-besprechungsraum-buero-mieten-kaufen-garbsen-hannover-1.jpg 1000w, https:\/\/b6-office.de\/wp-content\/uploads\/2018\/02\/grosser-besprechungsraum-buero-mieten-kaufen-garbsen-hannover-1-745x317.jpg 745w, https:\/\/b6-office.de\/wp-content\/uploads\/2018\/02\/grosser-besprechungsraum-buero-mieten-kaufen-garbsen-hannover-1-300x127.jpg 300w\" sizes=\"auto, (max-width: 1000px) 100vw, 1000px\" \/><\/a><\/p>\n<p><strong>1 x Besprechungsraum:<\/strong> 2-12 Personen im 2.OG, 22,6qm<\/p>\n<p>Die <strong>Buchung\/Reservierung<\/strong> erfolgt \u00fcber unsere Rezeption oder online.<\/p>\n<p><strong>&#8211; der Besprechungsraum hat:<\/strong> \u00a0 12 St\u00fchle \/3 Tische.<br \/>\n<strong>&#8211; der Konferenzraum hat:<\/strong> bis zu 24 St\u00fchle \/ 6 Tische, nach Wahl.<br \/>\n&#8211; Optional k\u00f6nnen Sie: Flipchart, Beamer, Support wie z.B.<br \/>\nBewirtung\/Verkostung\u00a0oder Service dazu buchen.<\/p>\n<p>Unsere Rezeption (Tel. 0511\/92 00 000) stimmt alle Details mit Ihnen ab.<\/p>\n","protected":false},"excerpt":{"rendered":"<p>Das b6-office verf\u00fcgt \u00fcber<br \/>\n&#8211; 2 Besprechungsr\u00e4ume f\u00fcr bis zu 6 oder 12 Personen sowie<br \/>\n&#8211; 1 Konferenzraum bis 24 Personen (bis 35 Pers. Bestuhlung)<\/p>\n<p><strong><span style=\"text-decoration: underline;\">So erhalten Sie Ihren Preis:<\/span><br \/>\nBeachten:\u00a0Alle drei schwarzen Balken<br \/>\n\u201cAusf\u00fchrung w\u00e4hlen\u201d\u00a0anklicken und ausw\u00e4hlen,<br \/>\ndann erscheint der Preis!<br \/>\n1. Raumart und Dauer w\u00e4hlen.<br \/>\n2. Erst nachdem alle zwei Balken gew\u00e4hlt wurden,<br \/>\nerscheint der Preis unter den zwei schwarzen Balken.<br \/>\n3. Danach m\u00fcssen Sie die tats\u00e4chliche<br \/>\nStunden-, Tages-, Wochen-, oder Monatsanzahl<br \/>\nunter dem Preis ausw\u00e4hlen und in den\u00a0<\/strong><b>Warenkorb tun.<br \/>\n4. Warenkorb \u00f6ffnen um den finalen Preis zu sehen.<br \/>\n<\/b><\/p>\n<p><strong>Raum 2.9:<\/strong> <strong><a href=\"https:\/\/b6-office.de\/?product=2-9-2-og-wc-im-eg-ohne-teekueche-kopie\" target=\"_blank\" rel=\"noopener\">Hier klicken.<\/a><\/strong><\/p>\n<p><strong>Raum 3.9L:<\/strong> <strong><a href=\"https:\/\/b6-office.de\/?product=2-9-links\" target=\"_blank\" rel=\"noopener\">Hier klicken.<\/a><\/strong><\/p>\n<p><strong>Raum 3.9R:<\/strong> <strong><a href=\"https:\/\/b6-office.de\/?product=3-9-rechts-2-og-wc-im-eg-ohne-teekueche\" target=\"_blank\" rel=\"noopener\">Hier klicken.<\/a><\/strong><\/p>\n<p><b style=\"line-height: 1.5;\"><span style=\"text-decoration: underline;\">Besprechungsraum-Upgrades<\/span><br \/>\n<\/b><span style=\"line-height: 1.5;\">wie z.B. <\/span><span style=\"line-height: 1.5;\">Flipchart<\/span><span style=\"line-height: 1.5;\">, Beamer, Monitor,<br \/>\n<\/span><span style=\"line-height: 1.5;\">Stifte und Bl\u00f6cke finden Sie hier: <\/span><strong style=\"line-height: 1.5;\"><a href=\"https:\/\/b6-office.de\/?product=besprechungsraum-upgrade-2\" target=\"_blank\" rel=\"noopener\">Hier klicken.<br \/>\n<\/a><\/strong><\/p>\n<p><span style=\"text-decoration: underline;\"><strong>Besprechungsraum-Catering<\/strong><\/span><br \/>\nwie z.B. kaltes Buffet, Kuchen, Sekt, Wein,<br \/>\nWasser und Br\u00f6tchen finden Sie hier: <a href=\"https:\/\/b6-office.de\/?product=besprechungsraum-catering\"><strong>Hier klicken.<\/strong><\/a><\/p>\n<p>Die Bestuhlungsart finden Sie links unter dem Produktbild.<\/p>\n","protected":false},"featured_media":16845,"comment_status":"closed","ping_status":"closed","template":"","meta":{"_links_to":"","_links_to_target":""},"product_brand":[],"product_cat":[293],"product_tag":[],"class_list":{"0":"post-11142","1":"product","2":"type-product","3":"status-publish","4":"has-post-thumbnail","6":"product_cat-dazu-mieten-1","7":"pa_bespr-klein-oder-gross-besprechungsraum-im-2-og-2-bis-6-personen","8":"pa_bespr-klein-oder-gross-besprechungsraum-im-2-og-6-bis-10-personen","9":"pa_bespr-klein-oder-gross-konferenzraum-im-1-og-12-bis-24-personen","10":"pa_besprech-anzahl-je-stunde","11":"pa_besprech-anzahl-je-tag","12":"pa_besprech-anzahl-je-woche","13":"pa_besprech-anzahl-je-monat","14":"pa_nutzer-fremdnutzer","15":"pa_nutzer-mieter","17":"first","18":"instock","19":"taxable","20":"shipping-taxable","21":"purchasable","22":"product-type-variable","23":"has-default-attributes","24":"has-featured-image","25":"landscape"},"_links":{"self":[{"href":"https:\/\/b6-office.de\/index.php?rest_route=\/wp\/v2\/product\/11142","targetHints":{"allow":["GET"]}}],"collection":[{"href":"https:\/\/b6-office.de\/index.php?rest_route=\/wp\/v2\/product"}],"about":[{"href":"https:\/\/b6-office.de\/index.php?rest_route=\/wp\/v2\/types\/product"}],"replies":[{"embeddable":true,"href":"https:\/\/b6-office.de\/index.php?rest_route=%2Fwp%2Fv2%2Fcomments&post=11142"}],"wp:featuredmedia":[{"embeddable":true,"href":"https:\/\/b6-office.de\/index.php?rest_route=\/wp\/v2\/media\/16845"}],"wp:attachment":[{"href":"https:\/\/b6-office.de\/index.php?rest_route=%2Fwp%2Fv2%2Fmedia&parent=11142"}],"wp:term":[{"taxonomy":"product_brand","embeddable":true,"href":"https:\/\/b6-office.de\/index.php?rest_route=%2Fwp%2Fv2%2Fproduct_brand&post=11142"},{"taxonomy":"product_cat","embeddable":true,"href":"https:\/\/b6-office.de\/index.php?rest_route=%2Fwp%2Fv2%2Fproduct_cat&post=11142"},{"taxonomy":"product_tag","embeddable":true,"href":"https:\/\/b6-office.de\/index.php?rest_route=%2Fwp%2Fv2%2Fproduct_tag&post=11142"}],"curies":[{"name":"wp","href":"https:\/\/api.w.org\/{rel}","templated":true}]}}

<h4><strong>Einrichtungsbeispiele für den Besprechungsraum im 1. OG:</strong></h4>
<p><a href="https://b6-office.de/wp-content/uploads/2018/02/Konferenzraum1OG-Einrichtungsbeispiele.pdf">Konferenzraum1OG-Einrichtungsbeispiele</a> &#8211; <a href="https://b6-office.de/wp-content/uploads/2018/02/Konferenzraum1OG-Einrichtungsbeispiele.pdf">Hier klicken</a></p>
<p><strong>Einrichtungsbeispiele für den Besprechungsraum im 2. OG:</strong></p>
<p><a href="https://b6-office.de/wp-content/uploads/2018/02/Besprechungsraum2OG-Einrichtungsbeispiele.pdf">Besprechungsraum2OG-Einrichtungsbeispiele</a> &#8211; <a href="https://b6-office.de/wp-content/uploads/2018/02/Besprechungsraum2OG-Einrichtungsbeispiele.pdf">Hier klicken</a></p>
<p>Ein Besprechungsraum oder auch Konferenzraum<br />
ist nur dann ein aktiver Raum, wenn er auch aktiv benutzt wird.<br />
Nach einer neueren Statistik wurden die tatsächlichen Nutzungszeiten für Besprechungsräume/Konferenzräume erfasst,<br />
deren Nutzung durchschnittlich bei lediglich 3%<br />
der sonst verwendeten Büroräume lagen (aufs Jahr gerechnet).<br />
Um nun möglichst wirtschaftlich einen Besprechungsraum/Konzerenzraum<br />
betreiben zu können, ist eine Teilnutzung für alle Mieter<br />
die günstigste und unkomplizierteste Lösung!</p>
<p><strong>b6-office.de bietet Ihnen:<br />
1 x Konferenzraum:<span style="font-size: 16px;"> </span></strong>12 bis 24 Personen im 1. OG mit 46,5qm</p>
<p><a href="https://b6-office.de/wp-content/uploads/2018/02/grosser-besprechungsraum-buero-mieten-kaufen-garbsen-hannover-1.jpg"><img loading="lazy" decoding="async" class="alignnone size-full wp-image-11245" src="https://b6-office.de/wp-content/uploads/2018/02/grosser-besprechungsraum-buero-mieten-kaufen-garbsen-hannover-1.jpg" alt="grosser-besprechungsraum-buero-mieten-kaufen-garbsen-hannover-1" width="1000" height="426" srcset="https://b6-office.de/wp-content/uploads/2018/02/grosser-besprechungsraum-buero-mieten-kaufen-garbsen-hannover-1.jpg 1000w, https://b6-office.de/wp-content/uploads/2018/02/grosser-besprechungsraum-buero-mieten-kaufen-garbsen-hannover-1-745x317.jpg 745w, https://b6-office.de/wp-content/uploads/2018/02/grosser-besprechungsraum-buero-mieten-kaufen-garbsen-hannover-1-300x127.jpg 300w" sizes="auto, (max-width: 1000px) 100vw, 1000px" /></a></p>
<p><strong>1 x Besprechungsraum:</strong> 2-12 Personen im 2.OG, 22,6qm</p>
<p>Die <strong>Buchung/Reservierung</strong> erfolgt über unsere Rezeption oder online.</p>
<p><strong>&#8211; der Besprechungsraum hat:</strong>   12 Stühle /3 Tische.<br />
<strong>&#8211; der Konferenzraum hat:</strong> bis zu 24 Stühle / 6 Tische, nach Wahl.<br />
&#8211; Optional können Sie: Flipchart, Beamer, Support wie z.B.<br />
Bewirtung/Verkostung oder Service dazu buchen.</p>
<p>Unsere Rezeption (Tel. 0511/92 00 000) stimmt alle Details mit Ihnen ab.</p>

<p>Das b6-office verfügt über<br />
&#8211; 2 Besprechungsräume für bis zu 6 oder 12 Personen sowie<br />
&#8211; 1 Konferenzraum bis 24 Personen (bis 35 Pers. Bestuhlung)</p>
<p><strong><span style="text-decoration: underline;">So erhalten Sie Ihren Preis:</span><br />
Beachten: Alle drei schwarzen Balken<br />
“Ausführung wählen” anklicken und auswählen,<br />
dann erscheint der Preis!<br />
1. Raumart und Dauer wählen.<br />
2. Erst nachdem alle zwei Balken gewählt wurden,<br />
erscheint der Preis unter den zwei schwarzen Balken.<br />
3. Danach müssen Sie die tatsächliche<br />
Stunden-, Tages-, Wochen-, oder Monatsanzahl<br />
unter dem Preis auswählen und in den </strong><b>Warenkorb tun.<br />
4. Warenkorb öffnen um den finalen Preis zu sehen.<br />
</b></p>
<p><strong>Raum 2.9:</strong> <strong><a href="https://b6-office.de/?product=2-9-2-og-wc-im-eg-ohne-teekueche-kopie" target="_blank" rel="noopener">Hier klicken.</a></strong></p>
<p><strong>Raum 3.9L:</strong> <strong><a href="https://b6-office.de/?product=2-9-links" target="_blank" rel="noopener">Hier klicken.</a></strong></p>
<p><strong>Raum 3.9R:</strong> <strong><a href="https://b6-office.de/?product=3-9-rechts-2-og-wc-im-eg-ohne-teekueche" target="_blank" rel="noopener">Hier klicken.</a></strong></p>
<p><b style="line-height: 1.5;"><span style="text-decoration: underline;">Besprechungsraum-Upgrades</span><br />
</b><span style="line-height: 1.5;">wie z.B. </span><span style="line-height: 1.5;">Flipchart</span><span style="line-height: 1.5;">, Beamer, Monitor,<br />
</span><span style="line-height: 1.5;">Stifte und Blöcke finden Sie hier: </span><strong style="line-height: 1.5;"><a href="https://b6-office.de/?product=besprechungsraum-upgrade-2" target="_blank" rel="noopener">Hier klicken.<br />
</a></strong></p>
<p><span style="text-decoration: underline;"><strong>Besprechungsraum-Catering</strong></span><br />
wie z.B. kaltes Buffet, Kuchen, Sekt, Wein,<br />
Wasser und Brötchen finden Sie hier: <a href="https://b6-office.de/?product=besprechungsraum-catering"><strong>Hier klicken.</strong></a></p>
<p>Die Bestuhlungsart finden Sie links unter dem Produktbild.</p>
