{"id":6065,"date":"2017-02-02T16:52:34","date_gmt":"2017-02-02T15:52:34","guid":{"rendered":"http:\/\/a-profi.de\/?product=x24-fluegeltuerenschrank-klein"},"modified":"2026-03-11T11:24:53","modified_gmt":"2026-03-11T10:24:53","slug":"x9-fluegeltuerenschrank-klein-b80xh116x42cm-hellgrau-mod-tetris-wood","status":"publish","type":"product","link":"https:\/\/b6-office.de\/?product=x9-fluegeltuerenschrank-klein-b80xh116x42cm-hellgrau-mod-tetris-wood","title":{"rendered":"Fl\u00fcgelt\u00fcrenschrank klein, B80xH116xT42cm, hellgrau, solide"},"content":{"rendered":"<ul>\n<li>Dreischichtspanplatten Emissionsklasse E1, beidseitig melaminharzbeschichtet, Oberfl\u00e4chen abrieb-, sto\u00df- und kratzfest, Umleimer aus PVC, 2 mm stark<\/li>\n<li>Top\/Boden und Fachb\u00f6den aus 25 mm starken Platten<\/li>\n<li><span style=\"line-height: 1.5;\">Seitenw\u00e4nde, T\u00fcren und Sichtr\u00fcckwand 18 mm stark<\/span><\/li>\n<li><span style=\"line-height: 1.5;\">Metallb\u00fcgelgriffe<\/span><\/li>\n<li><span style=\"line-height: 1.5;\">Fl\u00fcgelt\u00fcrenschr\u00e4nke mit Schlie\u00dfd\u00e4mmung<\/span><\/li>\n<li><span style=\"line-height: 1.5;\">Elemente in 2 Ordnerh\u00f6hen und in den Breiten 400, 800, 1000, 1200 mm<\/span><\/li>\n<li><span style=\"line-height: 1.5;\">symmetrische Sockelposition erlaubt Raumteilerfunktion der Elemente<\/span><\/li>\n<li><span style=\"line-height: 1.5;\">einheitliche Korpustiefe 421 mm<\/span><\/li>\n<li><span style=\"line-height: 1.5;\">H\u00f6he inkl. Gleiter\/Sockel: 1160 mm<\/span><\/li>\n<li><span style=\"line-height: 1.5;\">H\u00f6henausgleich durch den Schrankboden<\/span><\/li>\n<li>inkl Fu\u00dfgleiter, H 44 mm, mit Bodenausgleich<\/li>\n<\/ul>\n<p>b6-office bietet Ihnen verschiedene B\u00fcrofl\u00e4chen und Dienstleistungen an.<br \/>\n<strong>Dazu geh\u00f6rt auch das entsprechende B\u00fcro-Mobiliar, welches Sie<\/strong><br \/>\n<strong>a) selber mitbringen k\u00f6nnen oder<\/strong><br \/>\n<strong>b) auch g\u00fcnstig vor Ort bei b6-office mieten k\u00f6nnen.<\/strong><\/p>\n<p>Bei Ihrer Entscheidungsfindung sei es wichtig zu \u00fcberlegen, ob die<br \/>\nB\u00fcroanmietung eine kurz-, mittel-, oder eher langfristige Basis hat.<br \/>\nDenn wenn Sie langfristig planen, also deutlich mehr als 3 oder 5 Jahre,<br \/>\ndann wird eine Kaufoption die vermutlich g\u00fcnstigste L\u00f6sung darstellen.<\/p>\n<p>Sind jedoch Ihre B\u00fcro-Nutzungsgedanken eher im kurz- und mittelfristigen<br \/>\nBereich,\u00a0also Mietzeit bis zu 3 Jahren, dann w\u00fcrden wir immer eine<br \/>\nB\u00fcrom\u00f6bel-Mietvariante empfehlen,\u00a0weil Sie damit die h\u00f6chstm\u00f6gliche<br \/>\nEffektivit\u00e4t haben und keine Finanzmittel f\u00fcr\u00a0mehrere Jahre binden.<\/p>\n<p><strong>Bedenken Sie, das Sie bei einem sp\u00e4teren Abverkauf von B\u00fcrom\u00f6beln nahezu<\/strong><br \/>\n<strong>keinen Erl\u00f6s damit erzielen k\u00f6nnen<\/strong>\u00a0und es fast immer g\u00fcnstiger ist, die M\u00f6bel<br \/>\nzu entsorgen, als\u00a0diese hin und her zu schleppen oder \u00fcber lange Zeit bei Ebay<br \/>\nversuchen zu verkaufen. Das misslingt meist!<\/p>\n<p><strong>Um m\u00f6glichst wirtschaftlich an eine funktionelle B\u00fcroausstattung zu<br \/>\nkommen<\/strong><strong>, empfehlen wir alles wegzulassen, was nicht notwendig ist!<\/strong><br \/>\nMeistens ist weniger mehr!<\/p>\n<p>Die Produktivit\u00e4t Ihres B\u00fcros wird nicht an deren Ausstattung sondern an<br \/>\nIhrem\u00a0pers\u00f6nlichen Einsatz oder dem Einsatz Ihres Mitarbeiters gemessen.<br \/>\nDas B\u00fcro sollte funktional, modular erweiterbar und neutral \/ zeitlos eingerichtet<br \/>\nsein. Genau das sind unsere Mietm\u00f6bel.<br \/>\nModetrends sind schnell Trends von gestern und sind somit schneller\u00a0out als in.<\/p>\n<p><strong>b6-office hat eine Auswahl an bew\u00e4hrten B\u00fcrom\u00f6beln f\u00fcr Sie zusammengestellt,<\/strong><br \/>\n<strong>die wir speziell f\u00fcr Sie ordern, oder die schon im Mietpool vorhanden sind.<\/strong><br \/>\nDie Mietm\u00f6bel werden Ihnen f\u00fcr die Mietdauer zum Selbstkostenpreis \u00fcberlassen.<br \/>\nDarin enthalten ist die Bereitstellung auf Ihrer Mietfl\u00e4che mit Leistungen wie folgt:<br \/>\n&#8211; Annahme der M\u00f6bel vom M\u00f6bel-Hersteller\/Lieferanten<br \/>\n&#8211; anteilige Verpackungs- Versand- und Handlingkosten<br \/>\n&#8211; Verbringung in Ihre B\u00fcroeinheit<br \/>\n&#8211; Auspacken, aufbauen und platzieren<br \/>\n&#8211; Entsorgung von Verpackung und Transportpaletten<br \/>\n&#8211; funktionsbreite \u00dcbergabe der B\u00fcrom\u00f6bel<br \/>\n&#8211; und zum Mietende die R\u00fccknahme und Einlagerung der Mietm\u00f6bel,<br \/>\nso das Sie sich nicht damit abm\u00fchen m\u00fcssen.<\/p>\n<p>Sonderbestellungen bezgl. der Ausstattungslinie sind nicht m\u00f6glich,<br \/>\nda wir unseren MietPool der B\u00fcrom\u00f6bel neutral und universell halten m\u00f6chten.<\/p>\n<p><strong>Bei Individual-W\u00fcnschen empfehlen wir daher immer die Direktbestellung<\/strong><br \/>\nbei unserem M\u00f6belzulieferer als Kaufvariante, hier der Kontakt:<br \/>\nSSI Sch\u00e4fer-Shop GmbH<br \/>\nHerr Oliver Hoch, Gebietsleiter und gepr. ArbeitsplatzExperte (MBA)<br \/>\nIndustriestr.65 \u00a0in 57518 Betzdorf<br \/>\nTel.: 02741\/286-92088 \u00a0oder Mobil: 0175\/58 58 210.<\/p>\n<p><strong>Bei dortiger Direktbestellungen\u00a0<\/strong>m\u00fcssten Sie sich jedoch selbst um:<br \/>\n&#8211; die Warenannahme<br \/>\n&#8211; das\u00a0Handling<br \/>\n&#8211; die B\u00fcrom\u00f6bel-Montage\u00a0und<br \/>\n&#8211; Verpackungsentsorgung k\u00fcmmern.<\/p>\n<p>F\u00fcr R\u00fcckfragen steht Ihnen gerne die Rezeption des b6-office zur Verf\u00fcgung.<\/p>\n<p>Gerne f\u00fchren wir als serviceorientierter Dienstleister Ihr\u00a0Bestellung<br \/>\nhier \u00fcber diesen Shop aus.<\/p>\n<p><strong>W\u00e4hlen Sie wie folgt, beim Artikel:<\/strong><br \/>\n<strong>1) schwarzes Auswahlfeld anklicken,<\/strong><br \/>\n<strong>2) Auswahl nach und nach in den Warenkorb packen.<\/strong><br \/>\n<strong>3) ggf. Anzahl ausw\u00e4hlen.<\/strong><br \/>\n<strong>4) Weiter zur Kasse, registrieren und ggf. unter<\/strong><br \/>\n<strong>\u201cHinweise zur Bestellung\u201d zus\u00e4tzliche Infos eingeben.<\/strong><br \/>\n<strong>Zahlvorgang starten.<\/strong><\/p>\n","protected":false},"excerpt":{"rendered":"<p><strong>Ma\u00dfe:<\/strong>\u00a0B80 x H116 x T42cm<br \/>\n<strong>Farbe:<\/strong>\u00a0grau<\/p>\n<p><strong>W\u00e4hlen Sie wie folgt, beim Artikel:<\/strong><br \/>\n<strong>1) schwarzes Auswahlfeld anklicken,<\/strong><br \/>\n<strong>2) Auswahl nach und nach in den Warenkorb packen.<\/strong><br \/>\n<strong>3) ggf. Anzahl ausw\u00e4hlen.<\/strong><\/p>\n","protected":false},"featured_media":11065,"comment_status":"closed","ping_status":"closed","template":"","meta":{"_links_to":"","_links_to_target":""},"product_brand":[],"product_cat":[320],"product_tag":[],"class_list":{"0":"post-6065","1":"product","2":"type-product","3":"status-publish","4":"has-post-thumbnail","6":"product_cat-bueroeinrichtung-1","7":"pa_miete-fuer-bueromoebel-kaufen","8":"pa_miete-fuer-bueromoebel-1-tag-abrechnung-pro-tag-auswahl-unten-auswaehlen","9":"pa_miete-fuer-bueromoebel-verlaengerungstag-ab-4-tag","10":"pa_miete-fuer-bueromoebel-wochenvertrag-abrechnung-pro-woche","11":"pa_miete-fuer-bueromoebel-verlaengerungswoche-jede-weitere-woche","12":"pa_miete-fuer-bueromoebel-monatsvertrag-monatliche-zahlung","13":"pa_miete-fuer-bueromoebel-verlaengerungsmonat-ab-4-monat","14":"pa_miete-fuer-bueromoebel-jahresvertrag-monatliche-zahlung","15":"pa_miete-fuer-bueromoebel-3-jahresvertrag-monatliche-zahlung","17":"first","18":"instock","19":"taxable","20":"shipping-taxable","21":"purchasable","22":"product-type-variable","23":"has-featured-image","24":"landscape"},"_links":{"self":[{"href":"https:\/\/b6-office.de\/index.php?rest_route=\/wp\/v2\/product\/6065","targetHints":{"allow":["GET"]}}],"collection":[{"href":"https:\/\/b6-office.de\/index.php?rest_route=\/wp\/v2\/product"}],"about":[{"href":"https:\/\/b6-office.de\/index.php?rest_route=\/wp\/v2\/types\/product"}],"replies":[{"embeddable":true,"href":"https:\/\/b6-office.de\/index.php?rest_route=%2Fwp%2Fv2%2Fcomments&post=6065"}],"wp:featuredmedia":[{"embeddable":true,"href":"https:\/\/b6-office.de\/index.php?rest_route=\/wp\/v2\/media\/11065"}],"wp:attachment":[{"href":"https:\/\/b6-office.de\/index.php?rest_route=%2Fwp%2Fv2%2Fmedia&parent=6065"}],"wp:term":[{"taxonomy":"product_brand","embeddable":true,"href":"https:\/\/b6-office.de\/index.php?rest_route=%2Fwp%2Fv2%2Fproduct_brand&post=6065"},{"taxonomy":"product_cat","embeddable":true,"href":"https:\/\/b6-office.de\/index.php?rest_route=%2Fwp%2Fv2%2Fproduct_cat&post=6065"},{"taxonomy":"product_tag","embeddable":true,"href":"https:\/\/b6-office.de\/index.php?rest_route=%2Fwp%2Fv2%2Fproduct_tag&post=6065"}],"curies":[{"name":"wp","href":"https:\/\/api.w.org\/{rel}","templated":true}]}}

Flügeltürenschrank klein, B80xH116xT42cm, hellgrau, solide

<ul>
<li>Dreischichtspanplatten Emissionsklasse E1, beidseitig melaminharzbeschichtet, Oberflächen abrieb-, stoß- und kratzfest, Umleimer aus PVC, 2 mm stark</li>
<li>Top/Boden und Fachböden aus 25 mm starken Platten</li>
<li><span style="line-height: 1.5;">Seitenwände, Türen und Sichtrückwand 18 mm stark</span></li>
<li><span style="line-height: 1.5;">Metallbügelgriffe</span></li>
<li><span style="line-height: 1.5;">Flügeltürenschränke mit Schließdämmung</span></li>
<li><span style="line-height: 1.5;">Elemente in 2 Ordnerhöhen und in den Breiten 400, 800, 1000, 1200 mm</span></li>
<li><span style="line-height: 1.5;">symmetrische Sockelposition erlaubt Raumteilerfunktion der Elemente</span></li>
<li><span style="line-height: 1.5;">einheitliche Korpustiefe 421 mm</span></li>
<li><span style="line-height: 1.5;">Höhe inkl. Gleiter/Sockel: 1160 mm</span></li>
<li><span style="line-height: 1.5;">Höhenausgleich durch den Schrankboden</span></li>
<li>inkl Fußgleiter, H 44 mm, mit Bodenausgleich</li>
</ul>
<p>b6-office bietet Ihnen verschiedene Büroflächen und Dienstleistungen an.<br />
<strong>Dazu gehört auch das entsprechende Büro-Mobiliar, welches Sie</strong><br />
<strong>a) selber mitbringen können oder</strong><br />
<strong>b) auch günstig vor Ort bei b6-office mieten können.</strong></p>
<p>Bei Ihrer Entscheidungsfindung sei es wichtig zu überlegen, ob die<br />
Büroanmietung eine kurz-, mittel-, oder eher langfristige Basis hat.<br />
Denn wenn Sie langfristig planen, also deutlich mehr als 3 oder 5 Jahre,<br />
dann wird eine Kaufoption die vermutlich günstigste Lösung darstellen.</p>
<p>Sind jedoch Ihre Büro-Nutzungsgedanken eher im kurz- und mittelfristigen<br />
Bereich, also Mietzeit bis zu 3 Jahren, dann würden wir immer eine<br />
Büromöbel-Mietvariante empfehlen, weil Sie damit die höchstmögliche<br />
Effektivität haben und keine Finanzmittel für mehrere Jahre binden.</p>
<p><strong>Bedenken Sie, das Sie bei einem späteren Abverkauf von Büromöbeln nahezu</strong><br />
<strong>keinen Erlös damit erzielen können</strong> und es fast immer günstiger ist, die Möbel<br />
zu entsorgen, als diese hin und her zu schleppen oder über lange Zeit bei Ebay<br />
versuchen zu verkaufen. Das misslingt meist!</p>
<p><strong>Um möglichst wirtschaftlich an eine funktionelle Büroausstattung zu<br />
kommen</strong><strong>, empfehlen wir alles wegzulassen, was nicht notwendig ist!</strong><br />
Meistens ist weniger mehr!</p>
<p>Die Produktivität Ihres Büros wird nicht an deren Ausstattung sondern an<br />
Ihrem persönlichen Einsatz oder dem Einsatz Ihres Mitarbeiters gemessen.<br />
Das Büro sollte funktional, modular erweiterbar und neutral / zeitlos eingerichtet<br />
sein. Genau das sind unsere Mietmöbel.<br />
Modetrends sind schnell Trends von gestern und sind somit schneller out als in.</p>
<p><strong>b6-office hat eine Auswahl an bewährten Büromöbeln für Sie zusammengestellt,</strong><br />
<strong>die wir speziell für Sie ordern, oder die schon im Mietpool vorhanden sind.</strong><br />
Die Mietmöbel werden Ihnen für die Mietdauer zum Selbstkostenpreis überlassen.<br />
Darin enthalten ist die Bereitstellung auf Ihrer Mietfläche mit Leistungen wie folgt:<br />
&#8211; Annahme der Möbel vom Möbel-Hersteller/Lieferanten<br />
&#8211; anteilige Verpackungs- Versand- und Handlingkosten<br />
&#8211; Verbringung in Ihre Büroeinheit<br />
&#8211; Auspacken, aufbauen und platzieren<br />
&#8211; Entsorgung von Verpackung und Transportpaletten<br />
&#8211; funktionsbreite Übergabe der Büromöbel<br />
&#8211; und zum Mietende die Rücknahme und Einlagerung der Mietmöbel,<br />
so das Sie sich nicht damit abmühen müssen.</p>
<p>Sonderbestellungen bezgl. der Ausstattungslinie sind nicht möglich,<br />
da wir unseren MietPool der Büromöbel neutral und universell halten möchten.</p>
<p><strong>Bei Individual-Wünschen empfehlen wir daher immer die Direktbestellung</strong><br />
bei unserem Möbelzulieferer als Kaufvariante, hier der Kontakt:<br />
SSI Schäfer-Shop GmbH<br />
Herr Oliver Hoch, Gebietsleiter und gepr. ArbeitsplatzExperte (MBA)<br />
Industriestr.65  in 57518 Betzdorf<br />
Tel.: 02741/286-92088  oder Mobil: 0175/58 58 210.</p>
<p><strong>Bei dortiger Direktbestellungen </strong>müssten Sie sich jedoch selbst um:<br />
&#8211; die Warenannahme<br />
&#8211; das Handling<br />
&#8211; die Büromöbel-Montage und<br />
&#8211; Verpackungsentsorgung kümmern.</p>
<p>Für Rückfragen steht Ihnen gerne die Rezeption des b6-office zur Verfügung.</p>
<p>Gerne führen wir als serviceorientierter Dienstleister Ihr Bestellung<br />
hier über diesen Shop aus.</p>
<p><strong>Wählen Sie wie folgt, beim Artikel:</strong><br />
<strong>1) schwarzes Auswahlfeld anklicken,</strong><br />
<strong>2) Auswahl nach und nach in den Warenkorb packen.</strong><br />
<strong>3) ggf. Anzahl auswählen.</strong><br />
<strong>4) Weiter zur Kasse, registrieren und ggf. unter</strong><br />
<strong>“Hinweise zur Bestellung” zusätzliche Infos eingeben.</strong><br />
<strong>Zahlvorgang starten.</strong></p>

<p><strong>Maße:</strong> B80 x H116 x T42cm<br />
<strong>Farbe:</strong> grau</p>
<p><strong>Wählen Sie wie folgt, beim Artikel:</strong><br />
<strong>1) schwarzes Auswahlfeld anklicken,</strong><br />
<strong>2) Auswahl nach und nach in den Warenkorb packen.</strong><br />
<strong>3) ggf. Anzahl auswählen.</strong></p>
